48 is divided by 152602.
34
What is the remainder when 1930894 is divided by 374?
306
Calculate the remainder when 182457030 is divided by 1458.
1452
What is the remainder when 1304216 is divided by 13036?
616
What is the remainder when 159831 is divided by 455?
126
Calculate the remainder when 17235691 is divided by 36.
7
What is the remainder when 597751 is divided by 198534?
2149
What is the remainder when 161057 is divided by 23006?
15
Calculate the remainder when 10894 is divided by 10032.
862
What is the remainder when 335479 is divided by 111822?
13
What is the remainder when 189095 is divided by 5884?
807
What is the remainder when 139959587 is divided by 38461?
8
What is the remainder when 92129 is divided by 92098?
31
Calculate the remainder when 50272095 is divided by 7146.
7131
Calculate the remainder when 91290 is divided by 10118.
228
Calculate the remainder when 66971 is divided by 1336.
171
What is the remainder when 23968660 is divided by 151?
128
What is the remainder when 140599 is divided by 201?
100
What is the remainder when 38037496 is divided by 417994?
42
Calculate the remainder when 1228830 is divided by 5.
0
What is the remainder when 1019101 is divided by 3165?
3136
What is the remainder when 1175806 is divided by 612?
154
Calculate the remainder when 161258 is divided by 5752.
202
What is the remainder when 74086751 is divided by 3586?
3577
What is the remainder when 12607821 is divided by 6303882?
57
What is the remainder when 518798 is divided by 87?
17
What is the remainder when 23562 is divided by 1539?
477
What is the remainder when 87299 is divided by 726?
179
Calculate the remainder when 3913215 is divided by 36572.
11
Calculate the remainder when 6504 is divided by 3337.
3167
What is the remainder when 4621093 is divided by 1323?
1177
What is the remainder when 65777 is divided by 28?
5
What is the remainder when 205434761 is divided by 3497?
3496
Calculate the remainder when 18342194 is divided by 18890.
4
What is the remainder when 439483 is divided by 54912?
187
What is the remainder when 46835 is divided by 11704?
19
Calculate the remainder when 272449 is divided by 3.
1
What is the remainder when 528023 is divided by 202?
197
Calculate the remainder when 167377 is divided by 392.
385
What is the remainder when 9895962 is divided by 3298637?
51
What is the remainder when 297277 is divided by 15278?
6995
Calculate the remainder when 6340106 is divided by 1589.
1585
Calculate the remainder when 1551136 is divided by 22480.
16
What is the remainder when 39894 is divided by 19914?
66
Calculate the remainder when 18750543 is divided by 177.
48
What is the remainder when 1057406 is divided by 12440?
6
What is the remainder when 117136037 is divided by 280?
277
Calculate the remainder when 765623 is divided by 42534.
11
Calculate the remainder when 2801389 is divided by 521.
493
Calculate the remainder when 550786 is divided by 272364.
6058
What is the remainder when 3700107 is divided by 830?
797
Calculate the remainder when 22174 is divided by 19658.
2516
Calculate the remainder when 18331 is divided by 18321.
10
Calculate the remainder when 29217248 is divided by 2381.
2378
Calculate the remainder when 33342 is divided by 15742.
1858
What is the remainder when 76264330 is divided by 3315840?
10
Calculate the remainder when 6662993 is divided by 1354.
1313
What is the remainder when 60687 is divided by 2626?
289
What is the remainder when 61972 is divided by 15?
7
Calculate the remainder when 23476701 is divided by 57.
54
What is the remainder when 35442958 is divided by 578?
576
Calculate the remainder when 111025 is divided by 7401.
10
Calculate the remainder when 11603039 is divided by 1051.
1050
Calculate the remainder when 254327915 is divided by 10070.
10065
What is the remainder when 34809 is divided by 5775?
159
What is the remainder when 65845 is divided by 10764?
1261
What is the remainder when 2082193 is divided by 138808?
73
What is the remainder when 7404977 is divided by 5477?
73
What is the remainder when 11682691 is divided by 31405?
31
What is the remainder when 153372 is divided by 639?
12
Calculate the remainder when 500630 is divided by 1203.
182
What is the remainder when 209950 is divided by 850?
0
What is the remainder when 219050159 is divided by 644?
643
Calculate the remainder when 216880 is divided by 353.
138
Calculate the remainder when 31884870 is divided by 9721.
9711
Calculate the remainder when 29356 is divided by 2081.
222
What is the remainder when 92868 is divided by 30836?
360
Calculate the remainder when 1399221 is divided by 23.
16
What is the remainder when 16197 is divided by 5319?
240
Calculate the remainder when 56803218 is divided by 237.
6
Calculate the remainder when 77629 is divided by 74341.
3288
Calculate the remainder when 412 is divided by 15.
7
What is the remainder when 62084398 is divided by 700?
698
Calculate the remainder when 21606293 is divided by 9297.
65
What is the remainder when 162152064 is divided by 10954?
2
Calculate the remainder when 620366 is divided by 18.
14
What is the remainder when 185956 is divided by 9787?
3
Calculate the remainder when 5103928 is divided by 5103928.
0
What is the remainder when 672899 is divided by 5798?
331
Calculate the remainder when 15732 is divided by 947.
580
What is the remainder when 370498 is divided by 370374?
124
What is the remainder when 2534547 is divided by 737?
4
Calculate the remainder when 41758 is divided by 2087.
18
Calculate the remainder when 13830879 is divided by 13830823.
56
Calculate the remainder when 198398 is divided by 2609.
114
Calculate the remainder when 4848753 is divided by 7437.
7266
Calculate the remainder when 971700 is divided by 5407.
3847
Calculate the remainder when 2424904 is divided by 808224.
232
What is the remainder when 666124 is divided by 126?
88
Calculate the remainder when 132378 is divided by 18889.
155
What is the remainder when 1741029 is divided by 111?
105
What is the remainder when 12879080 is divided by 12879042?
38
What is the remainder when 275671 is divided by 12?
7
Calculate the remainder when 233987430 is divided by 4679.
4677
What is the remainder when 144305 is divided by 48061?
122
What is the remainder when 743978 is divided by 57227?
27
Calculate the remainder when 1535627 is divided by 28.
23
What is the remainder when 16111311 is divided by 2716?
2715
What is the remainder when 7139 is divided by 3226?
687
What is the remainder when 788817 is divided by 22?
7
What is the remainder when 330626 is divided by 7365?
6566
What is the remainder when 3435571 is divided by 1145128?
187
Calculate the remainder when 3411 is divided by 1080.
171
Calculate the remainder when 16620013 is divided by 3451.
3448
Calculate the remainder when 225282 is divided by 13999.
1298
What is the remainder when 13819429 is divided by 2430?
19
What is the remainder when 83015 is divided by 1543?
1236
Calculate the remainder when 67169071 is divided by 17.
14
Calculate the remainder when 102160379 is divided by 5.
4
What is the remainder when 28826759 is divided by 2059054?
3
What is the remainder when 37012015 is divided by 318?
313
What is the remainder when 1078274 is divided by 672?
386
Calculate the remainder when 178229916 is divided by 39935.
11
Calculate the remainder when 5661574 is divided by 200.
174
Calculate the remainder when 2522228565 is divided by 286.
285
Calculate the remainder when 12259726 is divided by 354.
352
Calculate the remainder when 481437 is divided by 9823.
110
Calculate the remainder when 53089120 is divided by 15.
10
What is the remainder when 260392 is divided by 2932?
2376
What is the remainder when 5187227 is divided by 38?
37
What is the remainder when 24058600 is divided by 31?
27
Calculate the remainder when 883543 is divided by 292179.
7006
What is the remainder when 1191988 is divided by 397293?
109
Calculate the remainder when 277387924 is divided by 37.
34
Calculate the remainder when 1869864 is divided by 3369.
69
Calculate the remainder when 173565 is divided by 96.
93
What is the remainder when 22971 is divided by 5166?
2307
What is the remainder when 27231 is divided by 134?
29
Calculate the remainder when 776255 is divided 